{"id":102,"date":"2024-06-10T18:40:32","date_gmt":"2024-06-10T16:40:32","guid":{"rendered":"https:\/\/icasueca.es\/web\/?page_id=102"},"modified":"2024-07-25T11:07:03","modified_gmt":"2024-07-25T09:07:03","slug":"documentacion-y-recursos","status":"publish","type":"page","link":"https:\/\/icasueca.es\/web\/documentacion-y-recursos\/","title":{"rendered":"Documentaci\u00f3n y Recursos"},"content":{"rendered":"\t\t<div data-elementor-type=\"wp-page\" data-elementor-id=\"102\" class=\"elementor elementor-102\" data-elementor-post-type=\"page\">\n\t\t\t\t<div class=\"elementor-element elementor-element-58152be0 e-flex e-con-boxed e-con e-parent\" data-id=\"58152be0\" data-element_type=\"container\">\n\t\t\t\t\t<div class=\"e-con-inner\">\n\t\t\t\t<div class=\"elementor-element elementor-element-10e7dfd0 elementor-widget elementor-widget-text-editor\" data-id=\"10e7dfd0\" data-element_type=\"widget\" data-widget_type=\"text-editor.default\">\n\t\t\t\t<div class=\"elementor-widget-container\">\n\t\t\t\t\t\t\t\t\t\n<h3 style=\"text-align: center;\"><strong>DOCUMENTACI\u00d3N Y RECURSOS<\/strong><\/h3>\n<p>Toda la documentaci\u00f3n y recursos necesarios para tramitar su solicitud de justicia gratuita se le proporcionar\u00e1n en las dependencias del colegio. Si desea acceder a mas informaci\u00f3n puede acceder a la p\u00e1gina web de la <a href=\"https:\/\/www.gva.es\/es\/inicio\/procedimientos?id_proc=G14140\">Conselleria de Justicia de la Generalitat Valenciana.<\/a>\u00a0<\/p>\n<p>\u00a0<\/p>\n<p>\u00a0<\/p>\n\t\t\t\t\t\t\t\t<\/div>\n\t\t\t\t<\/div>\n\t\t\t\t\t<\/div>\n\t\t\t\t<\/div>\n\t\t\t\t<\/div>\n\t\t","protected":false},"excerpt":{"rendered":"<p>DOCUMENTACI\u00d3N Y RECURSOS Toda la documentaci\u00f3n y recursos necesarios para tramitar su solicitud de justicia gratuita se le proporcionar\u00e1n en las dependencias del colegio. Si desea acceder a mas informaci\u00f3n puede acceder a la p\u00e1gina web de la Conselleria de Justicia de la Generalitat Valenciana.\u00a0 \u00a0 \u00a0<\/p>\n","protected":false},"author":1,"featured_media":0,"parent":0,"menu_order":0,"comment_status":"closed","ping_status":"closed","template":"","meta":{"footnotes":""},"class_list":["post-102","page","type-page","status-publish","hentry"],"_links":{"self":[{"href":"https:\/\/icasueca.es\/web\/wp-json\/wp\/v2\/pages\/102","targetHints":{"allow":["GET"]}}],"collection":[{"href":"https:\/\/icasueca.es\/web\/wp-json\/wp\/v2\/pages"}],"about":[{"href":"https:\/\/icasueca.es\/web\/wp-json\/wp\/v2\/types\/page"}],"author":[{"embeddable":true,"href":"https:\/\/icasueca.es\/web\/wp-json\/wp\/v2\/users\/1"}],"replies":[{"embeddable":true,"href":"https:\/\/icasueca.es\/web\/wp-json\/wp\/v2\/comments?post=102"}],"version-history":[{"count":20,"href":"https:\/\/icasueca.es\/web\/wp-json\/wp\/v2\/pages\/102\/revisions"}],"predecessor-version":[{"id":1623,"href":"https:\/\/icasueca.es\/web\/wp-json\/wp\/v2\/pages\/102\/revisions\/1623"}],"wp:attachment":[{"href":"https:\/\/icasueca.es\/web\/wp-json\/wp\/v2\/media?parent=102"}],"curies":[{"name":"wp","href":"https:\/\/api.w.org\/{rel}","templated":true}]}}