{"id":1312,"date":"2024-07-18T12:29:36","date_gmt":"2024-07-18T10:29:36","guid":{"rendered":"https:\/\/icasueca.es\/web\/?page_id=1312"},"modified":"2024-07-19T17:13:22","modified_gmt":"2024-07-19T15:13:22","slug":"colegiacion-no-ejercientes","status":"publish","type":"page","link":"https:\/\/icasueca.es\/web\/colegiacion-no-ejercientes\/","title":{"rendered":"Colegiaci\u00f3n no ejercientes"},"content":{"rendered":"\t\t<div data-elementor-type=\"wp-page\" data-elementor-id=\"1312\" class=\"elementor elementor-1312\" data-elementor-post-type=\"page\">\n\t\t\t\t<div class=\"elementor-element elementor-element-7a6c753 e-flex e-con-boxed e-con e-parent\" data-id=\"7a6c753\" data-element_type=\"container\">\n\t\t\t\t\t<div class=\"e-con-inner\">\n\t\t\t\t<div class=\"elementor-element elementor-element-5de792a elementor-widget elementor-widget-heading\" data-id=\"5de792a\" data-element_type=\"widget\" data-widget_type=\"heading.default\">\n\t\t\t\t<div class=\"elementor-widget-container\">\n\t\t\t\t\t<h2 class=\"elementor-heading-title elementor-size-default\">Documentaci\u00f3n necesaria<\/h2>\t\t\t\t<\/div>\n\t\t\t\t<\/div>\n\t\t\t\t<div class=\"elementor-element elementor-element-83de074 elementor-widget elementor-widget-text-editor\" data-id=\"83de074\" data-element_type=\"widget\" data-widget_type=\"text-editor.default\">\n\t\t\t\t<div class=\"elementor-widget-container\">\n\t\t\t\t\t\t\t\t\t<p>\u00a0 \u00a0 Todos los documentos solicitados deben ser originales. En caso de presentar fotocopias, estas deben estar compulsadas.<\/p><ol><li><strong> T\u00edtulo de Licenciado en Derecho<\/strong><\/li><\/ol><p>\u00a0 \u00a0 \u00a0 \u00a0 \u00a0 \u00a0 \u00a0 \u00a0 T\u00edtulo Profesional de Abogado regulado por la Ley 34\/2006, de 30 de octubre.<\/p><p>\u00a0 \u00a0 \u00a0 \u00a0 \u00a0 \u00a0 \u00a0 \u00a0 Licenciados en Derecho posterior al 31 de octubre de 2011:<\/p><p>\u00a0 \u00a0 \u00a0 \u00a0 \u00a0 \u00a0 \u00a0 \u00a0 \u00a0&#8211; Deben presentar el t\u00edtulo de licenciado en Derecho con la fecha de finalizaci\u00f3n de los estudios.<\/p><p>\u00a0 \u00a0 \u00a0 \u00a0 \u00a0 \u00a0 \u00a0 \u00a0 \u00a0&#8211; Si no se dispone del t\u00edtulo, se debe presentar una certificaci\u00f3n acad\u00e9mica personal y el resguardo del dep\u00f3sito para la expedici\u00f3n del t\u00edtulo.<\/p><ol start=\"2\"><li><strong> Certificado de Nacimiento<\/strong><\/li><\/ol><p>\u00a0 \u00a0 \u00a0 \u00a0 \u00a0 \u00a0 \u00a0 \u00a0 Debe ser una copia literal.<\/p><ol start=\"3\"><li><strong> Certificado de Antecedentes Penales<\/strong><\/li><\/ol><p>\u00a0 \u00a0 \u00a0 \u00a0 \u00a0 \u00a0 \u00a0 \u00a0 Se puede obtener en C\/ Hern\u00e1n Cort\u00e9s, 24 o en la <a href=\"http:\/\/www.mjusticia.gob.es\" target=\"_blank\" rel=\"noopener\">Sede Electr\u00f3nica del Ministerio de Justicia<\/a>\u00a0<\/p><ol start=\"4\"><li><strong> Domiciliaci\u00f3n Bancaria<\/strong><\/li><\/ol><p>\u00a0 \u00a0 \u00a0 \u00a0 \u00a0 \u00a0 \u00a0 \u00a0 Debe incluir el IBAN asignado por su entidad para domiciliar las cuotas de a\u00f1os sucesivos.<\/p><ol start=\"5\"><li><strong> Una Fotograf\u00eda Tama\u00f1o DNI<\/strong><\/li><\/ol><ol start=\"6\"><li><strong> Fotocopia del Documento Nacional de Identidad<\/strong><\/li><\/ol><ol start=\"7\"><li><strong> Adjuntos Debidamente Firmados<\/strong><\/li><\/ol><p>\u00a0 \u00a0 \u00a0 \u00a0 \u00a0 \u00a0 \u00a0 \u00a0 &#8211; <a href=\"https:\/\/icasueca.es\/web\/wp-content\/uploads\/2024\/06\/NE1-INSTANCIA-COLEGIACION.pdf\" target=\"_blank\" rel=\"noopener\">Instancia.<\/a><\/p><p>\u00a0 \u00a0 \u00a0 \u00a0 \u00a0 \u00a0 \u00a0 \u00a0 &#8211; <a href=\"https:\/\/icasueca.es\/web\/wp-content\/uploads\/2024\/06\/NE0721-Solicitud-Certificado-de-Colegiacion-NO-EJERCIENTE-Primera-Colegiacion.pdf\" target=\"_blank\" rel=\"noopener\">Solicitud de certificaci\u00f3n \u201cColegiado No Ejerciente\u201d.<\/a><\/p><p>\u00a0 \u00a0 \u00a0 \u00a0 \u00a0 \u00a0 \u00a0 \u00a0 &#8211; <a href=\"https:\/\/icasueca.es\/web\/wp-content\/uploads\/2024\/06\/NE2.-PROTECCION-DE-DATOS-Clausula-Basica-Colegiados-v2021.1.pdf\" target=\"_blank\" rel=\"noopener\">Protecci\u00f3n de datos.<\/a><\/p><p>\u00a0 \u00a0 \u00a0 \u00a0 \u00a0 \u00a0 \u00a0 \u00a0 &#8211; <a href=\"https:\/\/icasueca.es\/web\/wp-content\/uploads\/2024\/06\/NE3.-PLANTILLA-MANDATO-SEPA.pdf\" target=\"_blank\" rel=\"noopener\">Plantilla Mandato Sepa.<\/a><\/p><ol start=\"8\"><li><strong> Justificante de Pago de la Cuota de Incorporaci\u00f3n<\/strong><\/li><\/ol><p>\u00a0 \u00a0 \u00a0 \u00a0 \u00a0 \u00a0 \u00a0 \u00a0 El pago asciende a 372,58 \u20ac, que incluye la cuota anual de 121 \u20ac. El pago debe realizarse en la cuenta del Colegio de Abogados de Sueca:<\/p><p><strong>\u00a0 \u00a0 \u00a0 \u00a0 \u00a0 \u00a0 \u00a0 \u00a0 IBAN: ES87 0081 5537 68 0001049911<\/strong><\/p><p><strong>\u00a0<\/strong><\/p><p>\u00a0 \u00a0 Para m\u00e1s informaci\u00f3n, por favor, contacte con nosotros.<\/p>\t\t\t\t\t\t\t\t<\/div>\n\t\t\t\t<\/div>\n\t\t\t\t\t<\/div>\n\t\t\t\t<\/div>\n\t\t\t\t<\/div>\n\t\t","protected":false},"excerpt":{"rendered":"<p>Documentaci\u00f3n necesaria \u00a0 \u00a0 Todos los documentos solicitados deben ser originales. En caso de presentar fotocopias, estas deben estar compulsadas. T\u00edtulo de Licenciado en Derecho \u00a0 \u00a0 \u00a0 \u00a0 \u00a0 \u00a0 \u00a0 \u00a0 T\u00edtulo Profesional de Abogado regulado por la Ley 34\/2006, de 30 de octubre. \u00a0 \u00a0 \u00a0 \u00a0 \u00a0 \u00a0 \u00a0 \u00a0 Licenciados [&hellip;]<\/p>\n","protected":false},"author":1,"featured_media":0,"parent":0,"menu_order":0,"comment_status":"closed","ping_status":"closed","template":"","meta":{"footnotes":""},"class_list":["post-1312","page","type-page","status-publish","hentry"],"_links":{"self":[{"href":"https:\/\/icasueca.es\/web\/wp-json\/wp\/v2\/pages\/1312","targetHints":{"allow":["GET"]}}],"collection":[{"href":"https:\/\/icasueca.es\/web\/wp-json\/wp\/v2\/pages"}],"about":[{"href":"https:\/\/icasueca.es\/web\/wp-json\/wp\/v2\/types\/page"}],"author":[{"embeddable":true,"href":"https:\/\/icasueca.es\/web\/wp-json\/wp\/v2\/users\/1"}],"replies":[{"embeddable":true,"href":"https:\/\/icasueca.es\/web\/wp-json\/wp\/v2\/comments?post=1312"}],"version-history":[{"count":7,"href":"https:\/\/icasueca.es\/web\/wp-json\/wp\/v2\/pages\/1312\/revisions"}],"predecessor-version":[{"id":1398,"href":"https:\/\/icasueca.es\/web\/wp-json\/wp\/v2\/pages\/1312\/revisions\/1398"}],"wp:attachment":[{"href":"https:\/\/icasueca.es\/web\/wp-json\/wp\/v2\/media?parent=1312"}],"curies":[{"name":"wp","href":"https:\/\/api.w.org\/{rel}","templated":true}]}}